- (-33 + 90) - -54?
-11
What is 13 - (-24 + -1 - (144 + -186))?
-4
Calculate (0 + -2 - (-105 + 96)) + 18.
25
Calculate -94 + 49 + -133 + 75.
-103
Calculate 20 + (-12 + (-11 - (10 + -25)) - 0).
12
0 - 37 - (-752 + 671)
44
-52 + (161 + -61 - 122)
-74
Evaluate -13 + (-5 - 1 - (-379 + 372)) + (26 - 3).
11
What is the value of -1 + 78 + -229 + (377 - 121)?
104
Evaluate 7 - (-3 + 31) - (93 + -117).
3
Evaluate (116 - 9) + -11 - (-8 - (-26 - -2)).
80
What is -232 - -126 - 51 - -16?
-141
What is the value of (-269 - -278) + (-2 - 19)?
-12
Calculate -120 - -84 - (-64 + 16).
12
What is -68 - ((-56 - -49) + -4 + 10 + -3 - 9)?
-55
Evaluate (130 - (-19 - -196)) + -42.
-89
Calculate 13569 - 13592 - (54 - -2).
-79
What is 7 + (-8 - 2) + (-4 - (3 - 2)) + 133?
125
What is 0 + (0 + -23 + 8 + 81 - -20)?
86
Evaluate -2 - -17 - ((-3 - 9) + 34 + -17).
10
What is the value of -935 + 943 + (1 - (2 - 3)) - -2?
12
Evaluate -47 - -7 - (-204 - -93).
71
What is the value of (86 - (-9 - 1)) + (748 - 763)?
81
(-26 - -74) + (-9 - (-10 + (-3 - -7)))
45
Calculate (-7 + 3 - (11 + -29 + 15)) + (0 - 4).
-5
Calculate 1 - (6 + -1 + 2) - (214 + -371 + 150).
1
Calculate (-5 + 2 - -1 - ((-50 - -72) + -29)) + 12.
17
Evaluate 110 - (-4 + (-5 + -18 - (-2 - 6))).
129
335 + -161 - 184 - (-93 + -1 + 1)
83
What is the value of -13 - ((45 - -1) + (43 - -29) + -66)?
-65
What is the value of -316 + (69 - -364) - (1 - (23 - 2))?
137
-6 + 13 + (22 - 12) + (-4 - -10) + 44
67
Calculate -85 - (-35 + 68 + -44 + 1).
-75
What is the value of 47 + -4 + 908 + -928?
23
What is the value of 0 + -14 + (56 - (179 + -74))?
-63
What is the value of (146 - 69) + -98 + (-2 - -10)?
-13
What is -1 + 23 + 1 + 1 - (-611 + 567)?
68
Evaluate (-1 - -1) + (-28 - (5 - 10)) + -24 + 33.
-14
Evaluate 17 - ((-37 - -14) + 1 + 46).
-7
Calculate -23 - (30 + (16 - (27 + 0))).
-42
What is -10 - 0 - (-6 + -3 + 4 - (35 + -23))?
7
38768 + -38809 + (0 - -1 - -18 - 0)
-22
Evaluate (1 - 30) + 724 + -676.
19
-17 + 32 + -22 + -2 + 6 + -70
-73
2 - (-18 + 16 - 5 - (1 + 0 + -9))
1
Calculate (2372 - 2390) + 1 + 156 + -22.
117
Evaluate (7 + (-76 - -46) - -152) + -3 + 15 + -3.
138
What is 9 + -19 + -8 + (5 - 56) + -15?
-84
What is the value of (-36 - -94) + 9 + -26?
41
0 - (1 + 10 - (-1919 - -1860))
-70
Evaluate 17 + -29 - (2 + 4) - 5.
-23
What is the value of (-35 - 64) + -78 + 43?
-134
What is -105 + 123 + (-94 - -73)?
-3
Evaluate 28 - (-5 + -14 + 23 + 3).
21
What is the value of (-31 - -4) + (25 + -16 - (13 + -8))?
-23
Evaluate -36 + (-12 - -16) - -20.
-12
What is the value of -1 + (-12 - 0) + -82 + -47 + 125?
-17
Calculate -38 + -2 + -19 + 36 - (-10 + -2).
-11
Calculate 92 + (-102 - (25 + -43)).
8
What is 3 - (-22 + (2 - -13) + (-8 - (-94 + 0)))?
-76
Calculate 2 + (2 - 6) + (-54 - (-31 - 9 - 109)).
93
Evaluate -1 - -1 - 14 - (-295 - (-44 + -117)).
120
Evaluate 105 - ((-43 - -1) + 41 + 34).
72
What is the value of (31 - 23) + (2 - (-1 - -8)) - (-59 - -5)?
57
What is the value of (11 - -4) + 1 + -110 + 758 + -753?
-89
What is the value of 51 - (71 + -11) - -14?
5
Calculate 14 - (2 + 120 - -12 - 4) - -10.
-106
What is the value of (-13 - 3) + (-11 - -1) - -2?
-24
What is the value of -8 + -70 + 19 + (-1 - (-14 - -5))?
-51
What is -14 + -7 + -10 + 57 - -17?
43
(-14 - -37 - (3 - -62)) + 0
-42
Calculate (48 - -6) + (0 + 4 - 1) - -1.
58
1 + 0 + 9 + 2 + (54 - (34 + 129))
-97
Evaluate (24 - 1 - (-37 + (54 - 3))) + 94.
103
-42 + 0 + 2 + (10 - (-50 - -48))
-28
What is (4 - -4) + (-13 + 31 - 6 - 8)?
12
What is -13 - (57 - 66 - 30)?
26
(-16528 + 16528 - (-58 - ((-2 - 0) + 2))) + 9
67
What is -7 - ((-4 - -43) + -82 + 61)?
-25
15 + -2 + -3 + (-122 - -65 - -43)
-4
Evaluate 4 + 17 - (3 - (-52 + 61)).
27
What is -31 + 4 + 58 - (-132 + 42)?
121
What is 316 + -332 + (58 - (-5 - 2))?
49
Calculate -9 - 52 - ((-1 - 4) + (-10 + 15 - -5)).
-66
What is -39 - (39 - (-64 + 153))?
11
-3 + (5 - 12 - (23 - 14 - 5))
-14
Calculate (2 - 28) + (-87 - -91).
-22
What is the value of -71 + 68 + 3 + 50 + 4 + 4?
58
Calculate 61 + -62 + 5 - 84.
-80
Calculate -40 + (48 - -11) + (1 + -3 - (0 - -1)).
16
Evaluate 37 - (4 + -4 - (22 + -36 - 3)).
20
What is the value of 2 - (0 + -2) - (264 + 142 - 306)?
-96
What is the value of -14 + 3 - (-9 - (8 - 17))?
-11
Evaluate (2474 - 2425) + 3 + 1.
53
Calculate (36 - -52) + (104 - 138).
54
(-55 - -1) + (10453 - 10379)
20
Evaluate 60 + (111 - 75) + (-2 + -2 - 11).
81
What is 0 + -71 + (-1225 - -1210) + 16?
-70
What is 17 - -1 - 2 - (1 - 7)?
22
What is the value of -30 + (23 - 10) - ((-46 - 25) + -19)?
73
Calculate (9 - 22) + (2 - -1) + 9 + -10.
-11
Evaluate (41 - 125 - -10 - -43) + 0 + 0.
-31
What is the value of -90 - (41 + -2 - 12 - 6)?
-111
What is the value of (-86 - (-1 + -57)) + 8?
-20
-25 + (7 - (9 + -52))
25
What is the value of 0 - ((-80 - -97) + (-8 - (0 - 1))) - 17?
-27
What is the value of -10 - (20 + -44 + (20 - 3) + (-1 - -37))?
-39
Evaluate -21 + (-39 + -15 - -100).
25
Calculate -12 - (-8 - (9 - 10) - -22 - 14) - 56.
-69
(-3 + 10 + -23 - -12) + -5 + 34 + 0
25
(0 - -7) + (41 - (46 + -69))
71
68 + -46 + 55 + -64
13
What is 5 + -9 + 0 + -4 - (11 + -35 + 28)?
-12
What is -13 - (-63 - -61 - (47 + 0 + 3))?
39
What is 63 + -80 + 6 - (-8 + 0)?
-3
-2 - -1 - (-7 + (-6 - -17)) - (8 + -55)
42
Evaluate -39 + 57 + -36 + 42.
24
Evaluate 59 + -12 - (-3 - (-3 - (10 + 3))).
34
Calculate -40 + (1 - 1) - (16430 - 16448).
-22
Evaluate -31 - (8 + -12) - -30 - -56.
59
What is -13 + 12 + (-61 - (5 - 1) - (42 + -34))?
-74
Calculate 17 + (-17 - 65) - -48.
-17
What is the value of 18 - 16 - (25 - (42 + 1))?
20
Evaluate (10 - 1) + (-1 - 104) - (4 + (10 - 20)).
-90
Evaluate 50 + (10 + 25 - 5 - (79 + -57)).
58
What is -3 + 17 + -76 + 59 + 13?
10
-5 + (-18 - (23 - 51)) - (-2 + 80)
-73
Calculate -13 - (37 + -126 + 39).
37
What is (4 - 7 - -11) + (-6 + 25 - 68)?
-41
(58 - (5 + -1)) + -80 + (162 - 83)
53
Calculate (-58 - -67) + 45 - 62.
-8
(-10 - -8) + (8 - ((-7 - 7) + -45))
65
Calculate 8 + -1 + -4646 + 4641.
2
Evaluate -1 - (0 - 1) - (-1554 - -1514).
40
Evaluate 10 - 11 - (-18 - (-5 - -69) - (11 - 1)).
91
What is the value of (-1 + 2 + 13 - 122) + -16 + (14 - -5)?
-105
What is (9 - 21) + 3 + 3 - -63?
57
Evaluate -30 - (-9 + (27 - 39)) - (43 + -1).
-51
(7 - (-2 + 5) - 0) + 161 + -125
40
What is 5 + -4 - (-9 + (-3 + -23 - 0) - -4)?
32
What is 37 - -2 - (-46 - -66)?
19
Evaluate (45 - -5) + 12 + 2.
64
What is the value of -6 + 0 + 2 + -13 + (4 - -69)?
56
31 + -22 + 1 + 17 + (-9 - -5 - -5)
28
Calculate -31 - (126 + -72 - 114).
29
What is 26 - 0 - (14 + 0) - (12 - 0)?
0
What is -51 + (45 - 39) + 4 + (2 - (0 + 7))?
-46
What is (86 - -2) + -64 - 36?
-12
What is the value of -5912 - -5815 - (-161 - -1)?
63
Calculate 53 + (9 - (-16 + (12 - -5))) + -12.
49
What is (-1 - -19) + (-3676 - -3696)?
38
Evaluate (-217 - -212) + (-40 - (2 + 1)).
-48
(-34 - 2 - ((-3 - -3) + -3)) + 2779 + -2782
-36
Calculate 8 + (0 + 3 + -4 - (47 - 45)).
5
What is the value of -21 + (0 - -22 - (333 + -324)) - 37?
-45
Calculate 152 - (166 + 33 + -85).
38
What is 1 + -34 + 267 + -261 - (9 + 0 + -19)?
-17
What is the value of (-9 - -10) + -1 + 21 + -18 + -35?
-32
Calculate -2 + 2 - -1 - 0 - 98 - (-6029 + 6016).
-84
Evaluate -195 + 205 - (1 + -11).
20
Calculate -1179 + 1184 + 1 + (3 - 1 - -8).
16
(-202 - -105) + 149 - 43
9
What is the value of 25 + -4 - (-7 - (-8 + (15 - 19)))?
16
42 + 69 - 75 - 101
-65
What is -38 + 0 + (14 - 61) + 35?
-50
Calculate 0 + -3 + 13 + -1 - (218 + (7 - 78)).
-138
What is the value of -8 + -24 - (-192 + 161)?
-1
What is ((-10 - -4) + -12 - -19) + (-5 - -2) + 15?
13
What is the value of 95 - (131 + -112 + 57)?
19
What is (136 - ((438 - 403) + (-17 - -1))) + -7?
110
What is the value of -3 + -24 - 62 - -100?
11
What is the value of 110 + -54 + 34 + -66?
24
5 + (8 - (3 + 10) - (7 - 0))
-7
What is the value of (4 + -1 + -2 - 4 - (-9 + -25)) + -3?
28
-16 + (144 - 25) + (-11 - 5 - -8)
95
((16 - 10) + 1 - (18 + -6 - 4)) + 40
39
Calculate 44 + 2 + -6 + 5 - (14 - (-27 - -45)).
49
Calculate (10 - 24) + 6 + 0 + -11 + 70.
51
-79 + 156 + -82 - (-1 + -6)
2
Calculate (10 - ((-8 - -30) + -3)) + 54 + -25.
20
-23 - -2 - (-10 + (75 - 87))
1
127 + -141 - (-105 + 8) - (-11 + -1 + -1)
96
53 - ((2 - -5) + (8 - (31 + (-19 - -4))))
54
What is the value of (-1 - 20 - 0 - (2774 - 2787)) + -16?
-24
